142.
93
What is the remainder when 1852 is divided by 305?
22
Calculate the remainder when 2789 is divided by 545.
64
Calculate the remainder when 104618 is divided by 371.
367
What is the remainder when 9849 is divided by 543?
75
What is the remainder when 333 is divided by 157?
19
What is the remainder when 24612 is divided by 67?
23
What is the remainder when 69410 is divided by 2385?
245
What is the remainder when 143035 is divided by 20?
15
What is the remainder when 49115 is divided by 307?
302
Calculate the remainder when 3000 is divided by 224.
88
What is the remainder when 866 is divided by 28?
26
What is the remainder when 32239 is divided by 8058?
7
Calculate the remainder when 219192 is divided by 54793.
20
Calculate the remainder when 2036 is divided by 41.
27
Calculate the remainder when 928 is divided by 288.
64
Calculate the remainder when 28326 is divided by 289.
4
What is the remainder when 2825 is divided by 2825?
0
What is the remainder when 58627 is divided by 26?
23
What is the remainder when 13492 is divided by 4494?
10
Calculate the remainder when 2334 is divided by 609.
507
What is the remainder when 141674 is divided by 644?
638
What is the remainder when 1008727 is divided by 171?
169
What is the remainder when 723757 is divided by 16?
13
Calculate the remainder when 75698 is divided by 1262.
1240
Calculate the remainder when 23083 is divided by 46.
37
What is the remainder when 2197758 is divided by 29?
22
What is the remainder when 145424 is divided by 121?
103
Calculate the remainder when 63995 is divided by 15996.
11
What is the remainder when 13306 is divided by 74?
60
What is the remainder when 285454 is divided by 16?
14
Calculate the remainder when 746478 is divided by 11.
7
Calculate the remainder when 176399 is divided by 300.
299
What is the remainder when 40826 is divided by 1367?
1183
What is the remainder when 17759 is divided by 1350?
209
Calculate the remainder when 63166 is divided by 64.
62
Calculate the remainder when 12965 is divided by 1287.
95
What is the remainder when 12173 is divided by 329?
0
Calculate the remainder when 32722 is divided by 1364.
1350
What is the remainder when 1182 is divided by 289?
26
What is the remainder when 13816 is divided by 432?
424
Calculate the remainder when 1796 is divided by 445.
16
What is the remainder when 205677 is divided by 24?
21
Calculate the remainder when 584653 is divided by 8.
5
Calculate the remainder when 887 is divided by 881.
6
What is the remainder when 63766 is divided by 11?
10
What is the remainder when 1638 is divided by 193?
94
What is the remainder when 382 is divided by 72?
22
Calculate the remainder when 41198 is divided by 84.
38
Calculate the remainder when 420224 is divided by 2001.
14
Calculate the remainder when 7858 is divided by 83.
56
Calculate the remainder when 8851 is divided by 2105.
431
Calculate the remainder when 8391 is divided by 265.
176
What is the remainder when 14720 is divided by 14681?
39
What is the remainder when 1962 is divided by 1150?
812
Calculate the remainder when 4474 is divided by 613.
183
Calculate the remainder when 27763 is divided by 1529.
241
What is the remainder when 18392622 is divided by 16?
14
What is the remainder when 86601 is divided by 35?
11
Calculate the remainder when 798789 is divided by 498.
495
Calculate the remainder when 1127 is divided by 10.
7
Calculate the remainder when 25618 is divided by 34.
16
What is the remainder when 15820 is divided by 735?
385
Calculate the remainder when 3402 is divided by 308.
14
What is the remainder when 427894 is divided by 35?
19
Calculate the remainder when 4532 is divided by 4521.
11
What is the remainder when 620 is divided by 75?
20
Calculate the remainder when 17914 is divided by 20.
14
Calculate the remainder when 233852 is divided by 36.
32
What is the remainder when 21701 is divided by 10827?
47
What is the remainder when 10635 is divided by 124?
95
What is the remainder when 1680 is divided by 163?
50
Calculate the remainder when 2935 is divided by 1432.
71
What is the remainder when 25499 is divided by 418?
1
Calculate the remainder when 2856 is divided by 626.
352
What is the remainder when 24363 is divided by 131?
128
What is the remainder when 4066 is divided by 1004?
50
What is the remainder when 1243073 is divided by 19?
17
Calculate the remainder when 565 is divided by 311.
254
What is the remainder when 8330 is divided by 2769?
23
What is the remainder when 161497 is divided by 455?
427
What is the remainder when 25940 is divided by 5153?
175
What is the remainder when 6593 is divided by 1310?
43
What is the remainder when 18499 is divided by 58?
55
Calculate the remainder when 10751 is divided by 566.
563
What is the remainder when 9471 is divided by 432?
399
What is the remainder when 41052 is divided by 750?
552
Calculate the remainder when 15543 is divided by 532.
115
What is the remainder when 13795 is divided by 371?
68
Calculate the remainder when 4463 is divided by 11.
8
What is the remainder when 1474700 is divided by 1386?
1382
What is the remainder when 3933 is divided by 53?
11
Calculate the remainder when 63804 is divided by 41.
8
What is the remainder when 7695 is divided by 2006?
1677
What is the remainder when 29145 is divided by 1092?
753
What is the remainder when 2734699 is divided by 667?
666
What is the remainder when 48347 is divided by 396?
35
What is the remainder when 97525 is divided by 21?
1
Calculate the remainder when 27944 is divided by 485.
299
What is the remainder when 4212 is divided by 466?
18
What is the remainder when 2346 is divided by 2297?
49
What is the remainder when 48055 is divided by 6841?
168
What is the remainder when 163 is divided by 160?
3
Calculate the remainder when 4402 is divided by 591.
265
What is the remainder when 2275116 is divided by 73?
71
What is the remainder when 149664 is divided by 13?
8
What is the remainder when 593913 is divided by 74238?
9
What is the remainder when 19344 is divided by 6442?
18
Calculate the remainder when 847 is divided by 575.
272
Calculate the remainder when 6144 is divided by 268.
248
Calculate the remainder when 72695 is divided by 39.
38
What is the remainder when 688664 is divided by 11?
9
Calculate the remainder when 18221 is divided by 14.
7
Calculate the remainder when 101934 is divided by 181.
31
What is the remainder when 237771 is divided by 1232?
1227
Calculate the remainder when 16713 is divided by 312.
177
Calculate the remainder when 55374 is divided by 65.
59
Calculate the remainder when 3070 is divided by 1019.
13
What is the remainder when 2290426 is divided by 1556?
1550
What is the remainder when 10774 is divided by 115?
79
Calculate the remainder when 12454 is divided by 65.
39
Calculate the remainder when 3466 is divided by 92.
62
Calculate the remainder when 1110 is divided by 66.
54
Calculate the remainder when 125305 is divided by 111.
97
Calculate the remainder when 7179 is divided by 59.
40
What is the remainder when 181108 is divided by 516?
508
What is the remainder when 69373 is divided by 23119?
16
Calculate the remainder when 333956 is divided by 60.
56
Calculate the remainder when 5361 is divided by 2653.
55
What is the remainder when 13524 is divided by 24?
12
What is the remainder when 30165 is divided by 417?
141
What is the remainder when 987 is divided by 18?
15
What is the remainder when 65229 is divided by 3?
0
What is the remainder when 7763 is divided by 7677?
86
What is the remainder when 4056 is divided by 272?
248
What is the remainder when 146131 is divided by 24?
19
What is the remainder when 19814 is divided by 19764?
50
What is the remainder when 2128187 is divided by 10?
7
What is the remainder when 29760 is divided by 26?
16
What is the remainder when 837 is divided by 127?
75
Calculate the remainder when 1658 is divided by 77.
41
Calculate the remainder when 25294 is divided by 343.
255
Calculate the remainder when 663820 is divided by 132.
124
Calculate the remainder when 1932 is divided by 202.
114
What is the remainder when 586 is divided by 236?
114
Calculate the remainder when 2104 is divided by 141.
130
What is the remainder when 6593 is divided by 1309?
48
Calculate the remainder 